ite number?
False
Let p(a) = 58*a**2 + 26*a - 715. Is p(-53) a composite number?
False
Let d = 56406 + -19777. Is d a composite number?
False
Let n be 2*-2*9/36. Let y be 4/(-12)*372/n. Suppose -y = -3*f - 49. Is f prime?
False
Let o(p) = -103*p**3 - 4*p**2 - p - 2. Let v be (-184)/64 - 3/24*1. Let w be o(v). Is ((-4)/8)/(-1)*w composite?
False
Let u be 4 + (-4 + 57)/1. Let t = u - 48. Is t/36 - (-534)/8 composite?
False
Is -4*19779/(-2) + -7 a composite number?
False
Suppose -286*n - 2561540 = -9211326. Is n prime?
True
Let b be ((-2)/(-5))/(29/(-75980)). Let a = b + 2409. Is a a prime number?
True
Let j(n) = n**3 - 22*n**2 + 18*n + 58. Let g be j(21). Is -4*(3 + 173995/(-20) + g) composite?
False
Let o be ((-36262)/40 - (-5)/(-25))*-4. Suppose z - 1207 = 2*l, 6*z + 4*l = 9*z - o. Is z a composite number?
False
Suppose 3*l = t + 27, 27*t = 29*t. Is 1795 - l - 1*5 a composite number?
True
Let z = -344 - -254. Is 36/z - 1274/(-10) prime?
True
Let z be (-45640)/19 + (-2)/(-19). Let d = -181 - z. Is d composite?
False
Let l(p) = p**2 - 7*p - 5. Let k be l(8). Suppose 4*o - 24 = -0*g + 2*g, o - 6 = -k*g. Let x(j) = 26*j**2 + 7*j - 27. Is x(o) prime?
False
Let q be (-2)/(-5) - 16036/(-10). Suppose 4*w - 12 = 0, 93*w = 5*s + 91*w - 4319. Let h = q - s. Is h prime?
True
Let x be 19 + -19 - 6152/(-1). Let c = -2563 + x. Is c a prime number?
False
Let q(m) = 4*m**2 - 68*m + 465. Is q(7) composite?
True
Is (-43)/(645/(-2541750)) + 1*7 prime?
True
Suppose 0 = -8*x - 22 + 158. Suppose x*c - 122704 = c. Is c prime?
True
Suppose -971308 = 5*l - 9*l. Is l a prime number?
False
Let c = 19737 - -20386. Is c composite?
False
Let h = -65 + 61. Let y(j) = 5*j + 13. Let r be y(h). Is (0 + -68)/(-7 - (r + 2)) composite?
True
Let o(d) = -d**2 + 15*d + 17. Suppose -2*f + 2*c = -38, -38 = -3*f - c + 7. Let r be o(f). Is 1215 - 3 - (-1 - (-2)/r) composite?
True
Let u(l) = 15*l**2 + 2*l - 4. Let d be u(3). Let o = 142 - d. Suppose 0 = -o*i + 3288 + 2767. Is i a prime number?
False
Suppose -8*u + 11537 + 79719 = 0. Suppose 0 = 3*p - 2*o - u, -5*p - 2*o = -10647 - 8370. Is p a prime number?
True
Let f be (1277980/15)/11*3. Let j = f + -12915. Is j a composite number?
False
Suppose 355496 = -13*w + 21*w - 0*w. Is w a composite number?
True
Suppose 365721 = 11*y + 205*y - 11103663. Is y composite?
True
Let z be -4*(-1 + 151752/(-32)). Is (1 - -8)/3*z/3 prime?
True
Let k(b) = b**3 - 13*b**2 - 7*b - 4. Let a be k(14). Let w = a - 100. Is w - -4 - (-306 - -5) prime?
False
Is 0 + 0 - ((-7)/((-56)/48) + -233843) a prime number?
True
Suppose 10*q - 2*y = 5*q + 23, 0 = -5*q - 5*y - 5. Suppose f - q - 2 = 0. Is ((-3)/f)/((-1)/635) a composite number?
True
Let l(u) = -9863*u - 2747. Is l(-6) a prime number?
True
Let f(p) = -p**2 + 48*p + 100. Let w be f(50). Suppose 10*z + z - 56837 = w. Is z a prime number?
True
Suppose -29*q = 2*d - 34*q - 239707, -2*q = 5*d - 599311. Is d prime?
False
Let w be (-6)/(-9) - 55287/27 - -3 - 2. Let k = 2764 - 7143. Let u = w - k. Is u prime?
True
Let y(o) = -o**3 - 3*o**2 - o + 1. Let h be y(-3). Let v be 4/14 - (108/(-7))/2. Suppose -d = i - 255, -h*i - 5*d - 984 = -v*i. Is i a prime number?
True
Suppose 5*s + z - 239140 = 0, z - 143484 = -3*s + 6*z. Is s/11*(-14)/(-8) prime?
False
Let a = 77 - 75. Let t(y) = 92*y**2 + y - 1. Let z be t(a). Let p = z + 22. Is p a composite number?
True
Let v(w) = 214*w**2 + 74*w - 631. Is v(10) a composite number?
True
Let j = -65768 - -93123. Is j a composite number?
True
Suppose -56*v = -207586 - 156078. Suppose -4*b = -2*b + 7122. Let j = v + b. Is j prime?
False
Suppose -223*v = -28143869 - 18595370. Is v a prime number?
False
Suppose -3*s = 2*s + 90. Let d = -12 - s. Is (-3 + d)*(168/(-9))/(-4) a composite number?
True
Suppose -17*y = -19*y + 10. Suppose -2 = i - 3*v + 5*v, -3*i + 5*v = -27. Suppose -52 - 3141 = -4*t - y*m, 4 = i*m. Is t a prime number?
True
Let q be (105/(-6))/(-7)*2. Suppose q*p - 3*d = 2608, 5*p - 4*d = -0*d + 2609. Is p prime?
True
Suppose -896 = 20*z - 24*z. Is 8/z*7*(-2932)/(-1) a composite number?
False
Let j(x) = -x**2 + 14*x + 33. Let p be j(16). Suppose 2*l + 2*h = -2 + 4, 0 = l + 2*h + p. Suppose 3*r + 1651 = 2*t, 3281 = t + l*t + r. Is t composite?
False
Let r = -43550 - -112144. Is r prime?
False
Let t(c) = 5284*c**2 + 37*c - 124. Is t(3) composite?
False
Let a = -180 - -219. Suppose -61*b + 96514 = -a*b. Is b a composite number?
True
Is 6/9 + 4719393/27 + 10 a prime number?
False
Let j(s) = -s**3 + s**2 + 13*s - 8. Let h be -6 + 1 - 10/5. Is j(h) composite?
False
Let q(h) = -670*h - 2. Let y(p) = p. Let k(l) = 2*q(l) + 22*y(l). Let o be k(-1). Let b = o + -779. Is b composite?
True
Let b(i) = -102*i**2 + 23*i - 2. Let g be b(3). Let j = 1844 + g. Is j composite?
True
Let f = -105 - -108. Suppose 0 = -f*w - 5*x + 150, 4*w - 3*w + 2*x - 49 = 0. Suppose 50*t = w*t - 14095. Is t a prime number?
True
Let g be 3*(-25)/15 - -8. Let o(d) = 285*d**2 - d - 1. Is o(g) composite?
True
Let x(t) be the first derivative of 11*t**3/3 + 3*t**2/2 - 21*t - 13. Is x(14) composite?
True
Let d be (-11)/(-88) + 78350/16. Suppose -24*v - 1033 = -d. Is v a composite number?
True
Suppose 2189 = 381*t - 380*t. Is t composite?
True
Let h(u) = -197*u - 6. Let p be h(-7). Let l = 946 - p. Is l*(-4 - -3) - -4 a prime number?
True
Suppose 354*x - 355*x - 243996 = -4*h, h = -5*x + 60999. Is h a composite number?
True
Let z(n) = 89*n**2 - 39*n + 2939. Is z(37) a prime number?
False
Let h = 3478 + -1186. Suppose -21*s - h = -25*s. Is s a composite number?
True
Is (-17243622)/(-584) - (-2)/8 prime?
True
Let o(j) = 31*j**3 - 2*j**2 - 2*j - 3. Let k be o(5). Let l be ((9 - 6) + -3)/2. Suppose k = 4*w - l*w. Is w prime?
True
Let l(o) = 35*o**3 + o**2 + 4*o - 4. Let z be l(1). Let s(g) = 2*g**3 - 48*g**2 - 154*g + 19. Is s(z) a composite number?
False
Let v be (-2)/(-11) - (-62)/22. Let o(x) = 7*x**2 - 2*x + 17. Let s be o(-5). Suppose r - s = -v*j, -r + 419 = r + j. Is r prime?
True
Suppose 2*w - 55655 - 24312 = -8509. Is w a composite number?
False
Let h be -1*(-1107 - (-5)/((-25)/10)). Suppose 0 = 3*l - 2*c - h - 5194, 5*c + 6312 = 3*l. Is l composite?
False
Let q(w) = w + 3. Let x be q(3). Suppose 0 = x*t - 4*t + 6. Let b(z) = -18*z**3 - 4*z**2 - z + 4. Is b(t) composite?
False
Let u(y) = -y - 10. Let i be u(-20). Is ((-5)/i)/(1/(-8182)) a prime number?
True
Let c(k) = k**2 - 6*k + 6. Let u be c(4). Let f(y) = 80*y**2 + 37*y + 29. Let w(j) = -27*j**2 - 12*j - 10. Let l(g) = u*f(g) - 7*w(g). Is l(5) a prime number?
True
Let p(w) = 3*w**2 + 3*w. Let r be p(-2). Let f(v) = -18*v - 12. Let o be f(r). Let t = o + 229. Is t prime?
True
Let j = 2029339 + -1340336. Is j prime?
False
Let s = 872 - -828. Let h = s + 1845. Is h a prime number?
False
Let m(z) = z**3 + 29*z**2 + 10*z - 149. Is m(-19) prime?
True
Suppose 0 = 4*a + 27*k - 24*k + 175568, -a = k + 43892. Let i = 19595 - a. Is i a prime number?
True
Let k(o) = -o. Let n be k(1). Let m(v) = 1513*v**2 + 3*v - 1. Is m(n) a prime number?
False
Let q = 574 - -535. Let t = q - 478. Suppose -t = 8*i - 9*i. Is i a composite number?
False
Let t(u) = 86*u - 3. Let v be t(1). Let x = v - 224. Let o = 1292 + x. Is o prime?
True
Suppose 3*f = -2*f + 10. Suppose -5 = f*b - 3*b. Suppose -2*a + b*a = -3, 7347 = 5*o - 2*a. Is o a composite number?
True
Let v(d) = -593*d**2 + 4*d + 9. Let n(q) = 2*q. Let c(f) = 2*n(f) - v(f). Is c(-2) prime?
False
Let a(c) = -2258*c - 2037. Is a(-12) a composite number?
True
Let t be 4/10 - 32/80. Suppose t = -2*j - 2*z + 16, -j = -2*j - 5*z. Suppose -j*m + 6520 = -2*m. Is m prime?
False
Let l(v) = 102*v + 227. Is l(32) composite?
False
Let c(s) = -s**3 + 6*s**2 + 9*s - 9. Suppose t + 28 = 5*t. Let w be c(t). Suppose w*b - 42773 = -2068. Is b prime?
False
Let b = -11 + 15. Is ((-12494)/b)/1*(-36)/18 a composite number?
False
Let k(l) = l**3 + 32*l**2 + 10*l - 20. Let p(s) = -7*s**2 + 10*s + 2. Let w be p(3). Is k(w) a prime number?
True
Let r = -1319 + 384. Suppose 2*d + s + 1175 = 0, 2*s - 2685 - 266 = 5*d. Let z = d - r. Is z prime?
False
Suppose -178*u = 28063410 - 320894948. Is u a composite number?
True
Let d(y) = 3*y + 90. Let g be d(-8). Is 11/(g/42) + 20844 a prime number?
False
Suppose 3*j = -r + 1095871 + 527320, 0 = 5*r - 40. Is j a pr